mon factor of 16 and 4976.
16
What is the highest common factor of 130 and 416?
26
What is the highest common factor of 225 and 774?
9
What is the highest common divisor of 202 and 12?
2
Calculate the highest common divisor of 115 and 20.
5
What is the greatest common divisor of 16650 and 296?
74
What is the greatest common divisor of 343 and 7?
7
What is the greatest common divisor of 10 and 290?
10
Calculate the highest common divisor of 33 and 55.
11
What is the highest common divisor of 799 and 119?
17
Calculate the greatest common factor of 420 and 56.
28
What is the highest common divisor of 1936 and 847?
121
Calculate the greatest common divisor of 345 and 15.
15
What is the greatest common factor of 6023 and 133?
19
What is the highest common factor of 297 and 27?
27
Calculate the greatest common factor of 6246 and 18.
18
What is the greatest common factor of 15 and 2445?
15
Calculate the greatest common divisor of 270 and 2610.
90
Calculate the greatest common factor of 352 and 22.
22
What is the highest common divisor of 6 and 723?
3
Calculate the greatest common factor of 80 and 3340.
20
Calculate the highest common factor of 36 and 4.
4
What is the highest common factor of 105 and 21?
21
What is the highest common factor of 880 and 24?
8
Calculate the greatest common factor of 132 and 24.
12
Calculate the greatest common factor of 803 and 11.
11
Calculate the greatest common factor of 1458 and 108.
54
What is the greatest common factor of 13496 and 56?
56
What is the greatest common factor of 14 and 3773?
7
Calculate the greatest common factor of 12 and 2247.
3
Calculate the greatest common divisor of 6504 and 48.
24
Calculate the highest common divisor of 22 and 13706.
22
Calculate the greatest common divisor of 161 and 14.
7
What is the highest common factor of 27 and 45?
9
Calculate the greatest common factor of 404 and 16.
4
Calculate the highest common factor of 69 and 4623.
69
What is the highest common factor of 13 and 7722?
13
What is the highest common divisor of 46 and 22586?
46
Calculate the greatest common factor of 119 and 7.
7
Calculate the greatest common factor of 245 and 833.
49
Calculate the highest common factor of 25 and 10.
5
What is the highest common factor of 8845 and 290?
145
Calculate the highest common factor of 278 and 2.
2
What is the highest common divisor of 110 and 4334?
22
What is the highest common divisor of 2128 and 8645?
133
Calculate the greatest common divisor of 13333 and 67.
67
What is the greatest common factor of 1925 and 35?
35
Calculate the highest common factor of 2140 and 20.
20
Calculate the greatest common divisor of 249 and 664.
83
Calculate the greatest common divisor of 18 and 86994.
18
Calculate the greatest common factor of 21574 and 23.
23
Calculate the greatest common factor of 88 and 286.
22
What is the highest common factor of 80 and 432?
16
What is the highest common divisor of 80 and 20?
20
What is the highest common factor of 5 and 5?
5
Calculate the highest common factor of 61783 and 31.
31
Calculate the greatest common divisor of 686 and 56.
14
What is the highest common factor of 15606 and 54?
54
Calculate the highest common factor of 2868 and 48.
12
Calculate the greatest common divisor of 40 and 155.
5
What is the highest common divisor of 1683 and 33?
33
What is the greatest common factor of 301 and 86?
43
What is the greatest common factor of 270 and 40?
10
What is the highest common divisor of 50 and 425?
25
Calculate the greatest common divisor of 1 and 33.
1
What is the greatest common divisor of 197 and 3349?
197
What is the greatest common factor of 3 and 384?
3
Calculate the greatest common divisor of 1809 and 1072.
67
What is the greatest common divisor of 24 and 4596?
12
Calculate the greatest common divisor of 11811 and 93.
93
What is the greatest common divisor of 145 and 29?
29
What is the highest common factor of 1148 and 1394?
82
Calculate the greatest common divisor of 712 and 48.
8
Calculate the highest common divisor of 420 and 84.
84
What is the highest common factor of 36 and 81?
9
What is the highest common factor of 39 and 377?
13
What is the greatest common factor of 264 and 132?
132
Calculate the greatest common factor of 10633 and 31.
31
Calculate the greatest common divisor of 1045 and 2565.
95
Calculate the highest common factor of 6832 and 112.
112
Calculate the highest common divisor of 39 and 1170.
39
Calculate the highest common divisor of 7155 and 18.
9
Calculate the greatest common factor of 4732 and 182.
182
Calculate the highest common divisor of 156 and 364.
52
What is the highest common factor of 212 and 8?
4
What is the highest common factor of 63 and 56?
7
What is the greatest common factor of 3075 and 45?
15
Calculate the highest common factor of 24 and 156.
12
What is the highest common factor of 147 and 3871?
49
Calculate the highest common factor of 1926 and 1498.
214
What is the greatest common factor of 187 and 68?
17
Calculate the highest common divisor of 10 and 355.
5
What is the highest common divisor of 144 and 2024?
8
Calculate the greatest common divisor of 264 and 8932.
44
What is the highest common factor of 50 and 14?
2
Calculate the greatest common factor of 808 and 303.
101
What is the greatest common divisor of 6 and 123?
3
What is the highest common factor of 20856 and 1320?
264
What is the greatest common factor of 187 and 154?
11
Calculate the greatest common factor of 26 and 533.
13
What is the greatest common divisor of 3811 and 37?
37
What is the highest common factor of 574 and 42?
14
What is the highest common factor of 1323 and 2079?
189
Calculate the highest common factor of 6 and 159.
3
Calculate the greatest common divisor of 2208 and 3174.
138
What is the greatest common factor of 214 and 3317?
107
What is the greatest common factor of 15351 and 1505?
301
Calculate the highest common divisor of 2337 and 513.
57
What is the greatest common factor of 13 and 208?
13
Calculate the greatest common divisor of 1881 and 396.
99
What is the greatest common factor of 240 and 280?
40
What is the greatest common divisor of 12 and 8?
4
What is the highest common factor of 3592 and 4?
4
What is the highest common factor of 30 and 60?
30
Calculate the greatest common factor of 54 and 14661.
27
Calculate the greatest common factor of 135 and 24480.
45
Calculate the highest common divisor of 60 and 1500.
60
What is the greatest common factor of 133 and 6916?
133
Calculate the greatest common divisor of 43 and 43.
43
What is the highest common divisor of 518 and 14245?
259
What is the greatest common divisor of 8 and 8?
8
What is the highest common divisor of 3419 and 26?
13
What is the highest common divisor of 84 and 114?
6
What is the highest common factor of 22 and 2?
2
Calculate the greatest common factor of 18 and 369.
9
Calculate the highest common factor of 34 and 52139.
17
Calculate the greatest common divisor of 19 and 19.
19
Calculate the greatest common factor of 58 and 3422.
58
What is the greatest common divisor of 15 and 279?
3
Calculate the highest common divisor of 105 and 175.
35
What is the greatest common factor of 182 and 130?
26
Calculate the highest common divisor of 3315 and 910.
65
What is the highest common factor of 25 and 175?
25
What is the greatest common divisor of 6342 and 105?
21
Calculate the highest common divisor of 993 and 6.
3
What is the highest common factor of 86 and 473?
43
What is the highest common divisor of 7 and 147?
7
Calculate the highest common divisor of 16 and 2096.
16
Calculate the greatest common divisor of 57 and 6.
3
What is the highest common divisor of 22 and 1342?
22
Calculate the highest common factor of 524 and 4.
4
What is the highest common divisor of 287 and 533?
41
Calculate the greatest common divisor of 636 and 48.
12
What is the greatest common factor of 737 and 55?
11
What is the greatest common divisor of 210 and 180?
30
What is the highest common factor of 39 and 208?
13
What is the highest common divisor of 186 and 2?
2
What is the greatest common divisor of 438 and 6?
6
Calculate the highest common factor of 44 and 77.
11
What is the greatest common factor of 62 and 620?
62
Calculate the greatest common factor of 60 and 465.
15
What is th